[INFO] fetching crate rust_cn 0.1.6...
[INFO] checking rust_cn-0.1.6 against master#e6e4f7ed1589e03bc2f6c5931c1a72e7947e8682 for beta-170-4
[INFO] extracting crate rust_cn 0.1.6 into /workspace/builds/worker-4-tc2/source
[INFO] validating manifest of crates.io crate rust_cn 0.1.6 on toolchain e6e4f7ed1589e03bc2f6c5931c1a72e7947e8682
[INFO] running `Command { std: CARGO_HOME="/workspace/cargo-home" RUSTUP_HOME="/workspace/rustup-home" "/workspace/cargo-home/bin/cargo" "+e6e4f7ed1589e03bc2f6c5931c1a72e7947e8682" "metadata" "--manifest-path" "Cargo.toml" "--no-deps", kill_on_drop: false }`
[INFO] started tweaking crates.io crate rust_cn 0.1.6
[INFO] finished tweaking crates.io crate rust_cn 0.1.6
[INFO] tweaked toml for crates.io crate rust_cn 0.1.6 written to /workspace/builds/worker-4-tc2/source/Cargo.toml
[INFO] crate crates.io crate rust_cn 0.1.6 already has a lockfile, it will not be regenerated
[INFO] running `Command { std: CARGO_HOME="/workspace/cargo-home" RUSTUP_HOME="/workspace/rustup-home" "/workspace/cargo-home/bin/cargo" "+e6e4f7ed1589e03bc2f6c5931c1a72e7947e8682" "fetch" "--manifest-path" "Cargo.toml", kill_on_drop: false }`
[INFO] running `Command { std: "docker" "create" "-v" "/var/lib/crater-agent-workspace/builds/worker-4-tc2/target:/opt/rustwide/target:rw,Z" "-v" "/var/lib/crater-agent-workspace/builds/worker-4-tc2/source:/opt/rustwide/workdir:ro,Z" "-v" "/var/lib/crater-agent-workspace/cargo-home:/opt/rustwide/cargo-home:ro,Z" "-v" "/var/lib/crater-agent-workspace/rustup-home:/opt/rustwide/rustup-home:ro,Z" "-e" "SOURCE_DIR=/opt/rustwide/workdir" "-e" "CARGO_TARGET_DIR=/opt/rustwide/target" "-e" "CARGO_HOME=/opt/rustwide/cargo-home" "-e" "RUSTUP_HOME=/opt/rustwide/rustup-home" "-w" "/opt/rustwide/workdir" "-m" "1610612736" "--user" "0:0" "--network" "none" "ghcr.io/rust-lang/crates-build-env/linux@sha256:19e73879b68f455e41552ea35293514db52ea292d993f571636dbffedb77a1ee" "/opt/rustwide/cargo-home/bin/cargo" "+e6e4f7ed1589e03bc2f6c5931c1a72e7947e8682" "metadata" "--no-deps" "--format-version=1", kill_on_drop: false }`
[INFO] [stdout] 8bee2f5bc96cc745ba243d874091653cc3526c9328962884ae6b38b96beaebb7
[INFO] running `Command { std: "docker" "start" "-a" "8bee2f5bc96cc745ba243d874091653cc3526c9328962884ae6b38b96beaebb7", kill_on_drop: false }`
[INFO] running `Command { std: "docker" "inspect" "8bee2f5bc96cc745ba243d874091653cc3526c9328962884ae6b38b96beaebb7", kill_on_drop: false }`
[INFO] running `Command { std: "docker" "rm" "-f" "8bee2f5bc96cc745ba243d874091653cc3526c9328962884ae6b38b96beaebb7", kill_on_drop: false }`
[INFO] [stdout] 8bee2f5bc96cc745ba243d874091653cc3526c9328962884ae6b38b96beaebb7
[INFO] running `Command { std: "docker" "create" "-v" "/var/lib/crater-agent-workspace/builds/worker-4-tc2/target:/opt/rustwide/target:rw,Z" "-v" "/var/lib/crater-agent-workspace/builds/worker-4-tc2/source:/opt/rustwide/workdir:ro,Z" "-v" "/var/lib/crater-agent-workspace/cargo-home:/opt/rustwide/cargo-home:ro,Z" "-v" "/var/lib/crater-agent-workspace/rustup-home:/opt/rustwide/rustup-home:ro,Z" "-e" "SOURCE_DIR=/opt/rustwide/workdir" "-e" "CARGO_TARGET_DIR=/opt/rustwide/target" "-e" "CARGO_INCREMENTAL=0" "-e" "RUST_BACKTRACE=full" "-e" "RUSTFLAGS=--cap-lints=forbid" "-e" "RUSTDOCFLAGS=--cap-lints=forbid" "-e" "CARGO_HOME=/opt/rustwide/cargo-home" "-e" "RUSTUP_HOME=/opt/rustwide/rustup-home" "-w" "/opt/rustwide/workdir" "-m" "1610612736" "--user" "0:0" "--network" "none" "ghcr.io/rust-lang/crates-build-env/linux@sha256:19e73879b68f455e41552ea35293514db52ea292d993f571636dbffedb77a1ee" "/opt/rustwide/cargo-home/bin/cargo" "+e6e4f7ed1589e03bc2f6c5931c1a72e7947e8682" "check" "--frozen" "--all" "--all-targets" "--message-format=json", kill_on_drop: false }`
[INFO] [stdout] 2569067f65087a64efa63d272548718023100608c51a977f4d5cb954bc02e235
[INFO] running `Command { std: "docker" "start" "-a" "2569067f65087a64efa63d272548718023100608c51a977f4d5cb954bc02e235", kill_on_drop: false }`
[INFO] [stderr]     Checking rust_cn v0.1.6 (/opt/rustwide/workdir)
[INFO] [stdout] error[E0433]: failed to resolve: could not find `windows` in `os`
[INFO] [stdout]  --> src/windows.rs:6:14
[INFO] [stdout]   |
[INFO] [stdout] 6 | use std::os::windows::process::CommandExt;
[INFO] [stdout]   |              ^^^^^^^ could not find `windows` in `os`
[INFO] [stdout] 
[INFO] [stdout] 
[INFO] [stdout] error[E0433]: failed to resolve: could not find `windows` in `os`
[INFO] [stdout]  --> src/windows.rs:6:14
[INFO] [stdout]   |
[INFO] [stdout] 6 | use std::os::windows::process::CommandExt;
[INFO] [stdout]   |              ^^^^^^^ could not find `windows` in `os`
[INFO] [stdout] 
[INFO] [stdout] 
[INFO] [stdout] error[E0599]: no method named `creation_flags` found for struct `Command` in the current scope
[INFO] [stdout]   --> src/windows.rs:36:10
[INFO] [stdout]    |
[INFO] [stdout] 35 |       let _output = Command::new("cmd")
[INFO] [stdout]    |  ___________________-
[INFO] [stdout] 36 | |         .creation_flags(0x08000000)
[INFO] [stdout]    | |         -^^^^^^^^^^^^^^ method not found in `Command`
[INFO] [stdout]    | |_________|
[INFO] [stdout]    | 
[INFO] [stdout] 
[INFO] [stdout] 
[INFO] [stdout] error[E0599]: no method named `creation_flags` found for struct `Command` in the current scope
[INFO] [stdout]   --> src/windows.rs:36:10
[INFO] [stdout]    |
[INFO] [stdout] 35 |       let _output = Command::new("cmd")
[INFO] [stdout]    |  ___________________-
[INFO] [stdout] 36 | |         .creation_flags(0x08000000)
[INFO] [stdout]    | |         -^^^^^^^^^^^^^^ method not found in `Command`
[INFO] [stdout]    | |_________|
[INFO] [stdout]    | 
[INFO] [stdout] 
[INFO] [stdout] 
[INFO] [stdout] error[E0599]: no method named `creation_flags` found for struct `Command` in the current scope
[INFO] [stdout]    --> src/windows.rs:120:10
[INFO] [stdout]     |
[INFO] [stdout] 119 |       let res = Command::new("cmd")
[INFO] [stdout]     |  _______________-
[INFO] [stdout] 120 | |         .creation_flags(0x08000000)
[INFO] [stdout]     | |         -^^^^^^^^^^^^^^ method not found in `Command`
[INFO] [stdout]     | |_________|
[INFO] [stdout]     | 
[INFO] [stdout] 
[INFO] [stdout] 
[INFO] [stdout] error[E0599]: no method named `creation_flags` found for struct `Command` in the current scope
[INFO] [stdout]    --> src/windows.rs:120:10
[INFO] [stdout]     |
[INFO] [stdout] 119 |       let res = Command::new("cmd")
[INFO] [stdout]     |  _______________-
[INFO] [stdout] 120 | |         .creation_flags(0x08000000)
[INFO] [stdout]     | |         -^^^^^^^^^^^^^^ method not found in `Command`
[INFO] [stdout]     | |_________|
[INFO] [stdout]     | 
[INFO] [stdout] 
[INFO] [stdout] 
[INFO] [stdout] error: aborting due to 3 previous errors
[INFO] [stdout] 
[INFO] [stdout] 
[INFO] [stdout] Some errors have detailed explanations: E0433, E0599.
[INFO] [stdout] 
[INFO] [stdout] For more information about an error, try `rustc --explain E0433`.
[INFO] [stdout] 
[INFO] [stdout] error: aborting due to 3 previous errors
[INFO] [stdout] 
[INFO] [stdout] 
[INFO] [stdout] Some errors have detailed explanations: E0433, E0599.
[INFO] [stdout] 
[INFO] [stdout] For more information about an error, try `rustc --explain E0433`.
[INFO] [stdout] 
[INFO] [stderr] error: could not compile `rust_cn` (bin "rust_cn" test) due to 4 previous errors
[INFO] [stderr] warning: build failed, waiting for other jobs to finish...
[INFO] [stderr] error: could not compile `rust_cn` (bin "rust_cn") due to 4 previous errors
[INFO] running `Command { std: "docker" "inspect" "2569067f65087a64efa63d272548718023100608c51a977f4d5cb954bc02e235", kill_on_drop: false }`
[INFO] running `Command { std: "docker" "rm" "-f" "2569067f65087a64efa63d272548718023100608c51a977f4d5cb954bc02e235", kill_on_drop: false }`
[INFO] [stdout] 2569067f65087a64efa63d272548718023100608c51a977f4d5cb954bc02e235
